{"id":3911,"date":"2021-01-19T09:40:31","date_gmt":"2021-01-19T08:40:31","guid":{"rendered":"http:\/\/fitonasalfrspray.multisite.aboca.com\/?page_id=3911"},"modified":"2021-07-02T09:55:24","modified_gmt":"2021-07-02T07:55:24","slug":"retrouver-une-respiration-normale","status":"publish","type":"page","link":"https:\/\/www.fitonasal.fr\/spray\/retrouver-une-respiration-normale\/","title":{"rendered":"Retrouver une respiration normale"},"content":{"rendered":"\n<h3 class=\"wp-block-heading\">CONGESTION NASALE : COMMENT LA SOIGNER ?<\/h3>\n\n\n\n<p>L\u2019approche traditionnelle pour soigner la congestion nasale en fonction de l\u2019\u00e2ge cible est bas\u00e9e sur l\u2019utilisation de :<\/p>\n\n\n\n<ul class=\"wp-block-list\"><li>m\u00e9dicaments d\u00e9congestionnants vasoconstricteurs ou solutions hypertoniques avec huiles essentielles \u2013&nbsp;<strong>ADULTES<\/strong><\/li><li>solutions salines nettoyantes de diff\u00e9rentes osmolalit\u00e9s ou, dans certains cas, substances antiseptiques et fluidifiantes \u2013&nbsp;<strong>ENFANTS<\/strong><\/li><\/ul>\n\n\n\n<h3 class=\"wp-block-heading\">UNE NOUVELLE APPROCHE<\/h3>\n\n\n\n<p>Pour r\u00e9soudre le probl\u00e8me de la congestion nasale, nous ne devons pas n\u00e9gliger la muqueuse. La muqueuse enflamm\u00e9e et irrit\u00e9e a en effet besoin de substances qui l\u2019aident \u00e0 se d\u00e9fendre contre les agresseurs et qui lui permettent de retrouver rapidement un bon \u00e9tat de sant\u00e9. \u00c0 cette fin, il est possible d\u2019utiliser des substances v\u00e9g\u00e9tales qui, en prot\u00e9geant la muqueuse nasale, r\u00e9duisent l\u2019irritation et favorisent son processus de r\u00e9g\u00e9n\u00e9ration.<\/p>\n","protected":false},"excerpt":{"rendered":"<p>CONGESTION NASALE : COMMENT LA SOIGNER ? L\u2019approche traditionnelle pour soigner la congestion nasale en fonction de l\u2019\u00e2ge cible est bas\u00e9e sur l\u2019utilisation de : m\u00e9dicaments d\u00e9congestionnants vasoconstricteurs ou solutions hypertoniques avec huiles essentielles \u2013&nbsp;ADULTES solutions salines nettoyantes de diff\u00e9rentes osmolalit\u00e9s ou, dans certains cas, substances antiseptiques et fluidifiantes \u2013&nbsp;ENFANTS UNE NOUVELLE APPROCHE Pour r\u00e9soudre&#8230;  <a href=\"https:\/\/www.fitonasal.fr\/spray\/retrouver-une-respiration-normale\/\" class=\"more-link\" title=\"Read Retrouver une respiration normale\">Leggi tutto &raquo;<\/a><\/p>\n","protected":false},"author":2,"featured_media":0,"parent":0,"menu_order":0,"comment_status":"closed","ping_status":"closed","template":"","meta":{"footnotes":""},"class_list":["post-3911","page","type-page","status-publish","hentry"],"yoast_head":"<!-- This site is optimized with the Yoast SEO plugin v27.2 - https:\/\/yoast.com\/product\/yoast-seo-wordpress\/ -->\n<title>Retrouver une respiration normale - Fitonasal Spray<\/title>\n<meta name=\"robots\" content=\"index, follow, max-snippet:-1, max-image-preview:large, max-video-preview:-1\" \/>\n<link rel=\"canonical\" href=\"https:\/\/www.fitonasal.fr\/spray\/retrouver-une-respiration-normale\/\" \/>\n<meta property=\"og:locale\" content=\"fr_FR\" \/>\n<meta property=\"og:type\" content=\"article\" \/>\n<meta property=\"og:title\" content=\"Retrouver une respiration normale - Fitonasal Spray\" \/>\n<meta property=\"og:description\" content=\"CONGESTION NASALE : COMMENT LA SOIGNER ? L\u2019approche traditionnelle pour soigner la congestion nasale en fonction de l\u2019\u00e2ge cible est bas\u00e9e sur l\u2019utilisation de : m\u00e9dicaments d\u00e9congestionnants vasoconstricteurs ou solutions hypertoniques avec huiles essentielles \u2013&nbsp;ADULTES solutions salines nettoyantes de diff\u00e9rentes osmolalit\u00e9s ou, dans certains cas, substances antiseptiques et fluidifiantes \u2013&nbsp;ENFANTS UNE NOUVELLE APPROCHE Pour r\u00e9soudre... Leggi tutto &raquo;\" \/>\n<meta property=\"og:url\" content=\"https:\/\/www.fitonasal.fr\/spray\/retrouver-une-respiration-normale\/\" \/>\n<meta property=\"og:site_name\" content=\"Fitonasal Spray\" \/>\n<meta property=\"article:modified_time\" content=\"2021-07-02T07:55:24+00:00\" \/>\n<meta name=\"twitter:card\" content=\"summary_large_image\" \/>\n<meta name=\"twitter:label1\" content=\"Dur\u00e9e de lecture estim\u00e9e\" \/>\n\t<meta name=\"twitter:data1\" content=\"1 minute\" \/>\n<script type=\"application\/ld+json\" class=\"yoast-schema-graph\">{\"@context\":\"https:\/\/schema.org\",\"@graph\":[{\"@type\":\"WebPage\",\"@id\":\"https:\/\/www.fitonasal.fr\/spray\/retrouver-une-respiration-normale\/\",\"url\":\"https:\/\/www.fitonasal.fr\/spray\/retrouver-une-respiration-normale\/\",\"name\":\"Retrouver une respiration normale - Fitonasal Spray\",\"isPartOf\":{\"@id\":\"https:\/\/www.fitonasal.fr\/spray\/#website\"},\"datePublished\":\"2021-01-19T08:40:31+00:00\",\"dateModified\":\"2021-07-02T07:55:24+00:00\",\"breadcrumb\":{\"@id\":\"https:\/\/www.fitonasal.fr\/spray\/retrouver-une-respiration-normale\/#breadcrumb\"},\"inLanguage\":\"fr-FR\",\"potentialAction\":[{\"@type\":\"ReadAction\",\"target\":[\"https:\/\/www.fitonasal.fr\/spray\/retrouver-une-respiration-normale\/\"]}]},{\"@type\":\"BreadcrumbList\",\"@id\":\"https:\/\/www.fitonasal.fr\/spray\/retrouver-une-respiration-normale\/#breadcrumb\",\"itemListElement\":[{\"@type\":\"ListItem\",\"position\":1,\"name\":\"Home\",\"item\":\"https:\/\/www.fitonasal.fr\/spray\/\"},{\"@type\":\"ListItem\",\"position\":2,\"name\":\"Retrouver une respiration normale\"}]},{\"@type\":\"WebSite\",\"@id\":\"https:\/\/www.fitonasal.fr\/spray\/#website\",\"url\":\"https:\/\/www.fitonasal.fr\/spray\/\",\"name\":\"Fitonasal Spray\",\"description\":\"Fitonasal Spray concentr\u00e9 est un d\u00e9congestionnant qui respecte votre muqueuse nasale, la prot\u00e8ge et par cons\u00e9quent la r\u00e9g\u00e9n\u00e8re.\",\"potentialAction\":[{\"@type\":\"SearchAction\",\"target\":{\"@type\":\"EntryPoint\",\"urlTemplate\":\"https:\/\/www.fitonasal.fr\/spray\/?s={search_term_string}\"},\"query-input\":{\"@type\":\"PropertyValueSpecification\",\"valueRequired\":true,\"valueName\":\"search_term_string\"}}],\"inLanguage\":\"fr-FR\"}]}<\/script>\n<!-- \/ Yoast SEO plugin. -->","yoast_head_json":{"title":"Retrouver une respiration normale - Fitonasal Spray","robots":{"index":"index","follow":"follow","max-snippet":"max-snippet:-1","max-image-preview":"max-image-preview:large","max-video-preview":"max-video-preview:-1"},"canonical":"https:\/\/www.fitonasal.fr\/spray\/retrouver-une-respiration-normale\/","og_locale":"fr_FR","og_type":"article","og_title":"Retrouver une respiration normale - Fitonasal Spray","og_description":"CONGESTION NASALE : COMMENT LA SOIGNER ? L\u2019approche traditionnelle pour soigner la congestion nasale en fonction de l\u2019\u00e2ge cible est bas\u00e9e sur l\u2019utilisation de : m\u00e9dicaments d\u00e9congestionnants vasoconstricteurs ou solutions hypertoniques avec huiles essentielles \u2013&nbsp;ADULTES solutions salines nettoyantes de diff\u00e9rentes osmolalit\u00e9s ou, dans certains cas, substances antiseptiques et fluidifiantes \u2013&nbsp;ENFANTS UNE NOUVELLE APPROCHE Pour r\u00e9soudre... Leggi tutto &raquo;","og_url":"https:\/\/www.fitonasal.fr\/spray\/retrouver-une-respiration-normale\/","og_site_name":"Fitonasal Spray","article_modified_time":"2021-07-02T07:55:24+00:00","twitter_card":"summary_large_image","twitter_misc":{"Dur\u00e9e de lecture estim\u00e9e":"1 minute"},"schema":{"@context":"https:\/\/schema.org","@graph":[{"@type":"WebPage","@id":"https:\/\/www.fitonasal.fr\/spray\/retrouver-une-respiration-normale\/","url":"https:\/\/www.fitonasal.fr\/spray\/retrouver-une-respiration-normale\/","name":"Retrouver une respiration normale - Fitonasal Spray","isPartOf":{"@id":"https:\/\/www.fitonasal.fr\/spray\/#website"},"datePublished":"2021-01-19T08:40:31+00:00","dateModified":"2021-07-02T07:55:24+00:00","breadcrumb":{"@id":"https:\/\/www.fitonasal.fr\/spray\/retrouver-une-respiration-normale\/#breadcrumb"},"inLanguage":"fr-FR","potentialAction":[{"@type":"ReadAction","target":["https:\/\/www.fitonasal.fr\/spray\/retrouver-une-respiration-normale\/"]}]},{"@type":"BreadcrumbList","@id":"https:\/\/www.fitonasal.fr\/spray\/retrouver-une-respiration-normale\/#breadcrumb","itemListElement":[{"@type":"ListItem","position":1,"name":"Home","item":"https:\/\/www.fitonasal.fr\/spray\/"},{"@type":"ListItem","position":2,"name":"Retrouver une respiration normale"}]},{"@type":"WebSite","@id":"https:\/\/www.fitonasal.fr\/spray\/#website","url":"https:\/\/www.fitonasal.fr\/spray\/","name":"Fitonasal Spray","description":"Fitonasal Spray concentr\u00e9 est un d\u00e9congestionnant qui respecte votre muqueuse nasale, la prot\u00e8ge et par cons\u00e9quent la r\u00e9g\u00e9n\u00e8re.","potentialAction":[{"@type":"SearchAction","target":{"@type":"EntryPoint","urlTemplate":"https:\/\/www.fitonasal.fr\/spray\/?s={search_term_string}"},"query-input":{"@type":"PropertyValueSpecification","valueRequired":true,"valueName":"search_term_string"}}],"inLanguage":"fr-FR"}]}},"_links":{"self":[{"href":"https:\/\/www.fitonasal.fr\/spray\/wp-json\/wp\/v2\/pages\/3911","targetHints":{"allow":["GET"]}}],"collection":[{"href":"https:\/\/www.fitonasal.fr\/spray\/wp-json\/wp\/v2\/pages"}],"about":[{"href":"https:\/\/www.fitonasal.fr\/spray\/wp-json\/wp\/v2\/types\/page"}],"author":[{"embeddable":true,"href":"https:\/\/www.fitonasal.fr\/spray\/wp-json\/wp\/v2\/users\/2"}],"replies":[{"embeddable":true,"href":"https:\/\/www.fitonasal.fr\/spray\/wp-json\/wp\/v2\/comments?post=3911"}],"version-history":[{"count":5,"href":"https:\/\/www.fitonasal.fr\/spray\/wp-json\/wp\/v2\/pages\/3911\/revisions"}],"predecessor-version":[{"id":4081,"href":"https:\/\/www.fitonasal.fr\/spray\/wp-json\/wp\/v2\/pages\/3911\/revisions\/4081"}],"wp:attachment":[{"href":"https:\/\/www.fitonasal.fr\/spray\/wp-json\/wp\/v2\/media?parent=3911"}],"curies":[{"name":"wp","href":"https:\/\/api.w.org\/{rel}","templated":true}]}}