{"id":3904,"date":"2021-01-18T16:43:57","date_gmt":"2021-01-18T15:43:57","guid":{"rendered":"http:\/\/fitonasalfrspray.multisite.aboca.com\/?page_id=3904"},"modified":"2021-07-02T09:54:48","modified_gmt":"2021-07-02T07:54:48","slug":"nez-bouche-pourquoi","status":"publish","type":"page","link":"https:\/\/www.fitonasal.fr\/spray\/nez-bouche-pourquoi\/","title":{"rendered":"Nez bouch\u00e9 : pourquoi?"},"content":{"rendered":"\n<h3 class=\"wp-block-heading\">L\u2019IMPORTANCE DE BIEN RESPIRER<\/h3>\n\n\n\n<p>Bien respirer est signe de bonne sant\u00e9 et pour ce faire, le nez doit \u00eatre lib\u00e9r\u00e9. La fonction premi\u00e8re du nez est en effet de filtrer, r\u00e9chauffer et humidifier l\u2019air, et est fondamentale pour maintenir les bronches et les poumons en bonne sant\u00e9. De plus, lorsque nous avons le nez bouch\u00e9 (congestion nasale), l\u2019organisme est moins oxyg\u00e9n\u00e9. Par cons\u00e9quent, nous ne percevons pas les odeurs, nous sommes moins prot\u00e9g\u00e9s contre les infections et nous sommes fortement g\u00ean\u00e9s, m\u00eame pendant nos activit\u00e9s quotidiennes et durant le sommeil.<\/p>\n\n\n\n<h3 class=\"wp-block-heading\">POURQUOI LE NEZ SE BOUCHE-T-IL ?<\/h3>\n\n\n\n<p>Lorsque des virus, bact\u00e9ries, substances irritantes ou allerg\u00e8nes attaquent la muqueuse nasale , une r\u00e9ponse inflammatoire qui est \u00e0 l\u2019origine de la congestion nasale se d\u00e9clenche. L\u2019un des m\u00e9canismes de d\u00e9fense mis en place est la production d\u2019une quantit\u00e9 majeure de mucus et de certaines substances (parmi lesquelles les m\u00e9diateurs de l\u2019inflammation comme la bradykinine) qui cr\u00e9ent des conditions d\u00e9favorables pour les agresseurs. Pour ce faire , la muqueuse doit recevoir une grande quantit\u00e9 de sang des capillaires qui, par cons\u00e9quent, se dilatent. La muqueuse se gonfle en procurant une sensation de nez bouch\u00e9. De plus, les capillaires dilat\u00e9s rejettent une grande quantit\u00e9 de liquides qui, avec le mucus produit en exc\u00e8s, aggrave la situation en cr\u00e9ant une difficult\u00e9 majeure \u00e0 respirer librement. Les sympt\u00f4mes typiques de l\u2019obstruction nasale ne sont rien de plus que la r\u00e9action de d\u00e9fense physiologique de la muqueuse. Cela doit nous faire r\u00e9fl\u00e9chir. Si nous nous opposons \u00e0 ces syst\u00e8mes de d\u00e9fense, l\u2019organisme risque de se retrouver totalement d\u00e9sarm\u00e9 face aux agressions.<\/p>\n","protected":false},"excerpt":{"rendered":"<p>L\u2019IMPORTANCE DE BIEN RESPIRER Bien respirer est signe de bonne sant\u00e9 et pour ce faire, le nez doit \u00eatre lib\u00e9r\u00e9. La fonction premi\u00e8re du nez est en effet de filtrer, r\u00e9chauffer et humidifier l\u2019air, et est fondamentale pour maintenir les bronches et les poumons en bonne sant\u00e9. De plus, lorsque nous avons le nez bouch\u00e9&#8230;  <a href=\"https:\/\/www.fitonasal.fr\/spray\/nez-bouche-pourquoi\/\" class=\"more-link\" title=\"Read Nez bouch\u00e9 : pourquoi?\">Leggi tutto &raquo;<\/a><\/p>\n","protected":false},"author":2,"featured_media":0,"parent":0,"menu_order":0,"comment_status":"closed","ping_status":"closed","template":"","meta":{"footnotes":""},"class_list":["post-3904","page","type-page","status-publish","hentry"],"yoast_head":"<!-- This site is optimized with the Yoast SEO plugin v27.4 - https:\/\/yoast.com\/product\/yoast-seo-wordpress\/ -->\n<title>Nez bouch\u00e9 : pourquoi? - Fitonasal Spray<\/title>\n<meta name=\"robots\" content=\"index, follow, max-snippet:-1, max-image-preview:large, max-video-preview:-1\" \/>\n<link rel=\"canonical\" href=\"https:\/\/www.fitonasal.fr\/spray\/nez-bouche-pourquoi\/\" \/>\n<meta property=\"og:locale\" content=\"fr_FR\" \/>\n<meta property=\"og:type\" content=\"article\" \/>\n<meta property=\"og:title\" content=\"Nez bouch\u00e9 : pourquoi? - Fitonasal Spray\" \/>\n<meta property=\"og:description\" content=\"L\u2019IMPORTANCE DE BIEN RESPIRER Bien respirer est signe de bonne sant\u00e9 et pour ce faire, le nez doit \u00eatre lib\u00e9r\u00e9. La fonction premi\u00e8re du nez est en effet de filtrer, r\u00e9chauffer et humidifier l\u2019air, et est fondamentale pour maintenir les bronches et les poumons en bonne sant\u00e9. De plus, lorsque nous avons le nez bouch\u00e9... Leggi tutto &raquo;\" \/>\n<meta property=\"og:url\" content=\"https:\/\/www.fitonasal.fr\/spray\/nez-bouche-pourquoi\/\" \/>\n<meta property=\"og:site_name\" content=\"Fitonasal Spray\" \/>\n<meta property=\"article:modified_time\" content=\"2021-07-02T07:54:48+00:00\" \/>\n<meta name=\"twitter:card\" content=\"summary_large_image\" \/>\n<meta name=\"twitter:label1\" content=\"Dur\u00e9e de lecture estim\u00e9e\" \/>\n\t<meta name=\"twitter:data1\" content=\"2 minutes\" \/>\n<script type=\"application\/ld+json\" class=\"yoast-schema-graph\">{\"@context\":\"https:\\\/\\\/schema.org\",\"@graph\":[{\"@type\":\"WebPage\",\"@id\":\"https:\\\/\\\/www.fitonasal.fr\\\/spray\\\/nez-bouche-pourquoi\\\/\",\"url\":\"https:\\\/\\\/www.fitonasal.fr\\\/spray\\\/nez-bouche-pourquoi\\\/\",\"name\":\"Nez bouch\u00e9 : pourquoi? - Fitonasal Spray\",\"isPartOf\":{\"@id\":\"https:\\\/\\\/www.fitonasal.fr\\\/spray\\\/#website\"},\"datePublished\":\"2021-01-18T15:43:57+00:00\",\"dateModified\":\"2021-07-02T07:54:48+00:00\",\"breadcrumb\":{\"@id\":\"https:\\\/\\\/www.fitonasal.fr\\\/spray\\\/nez-bouche-pourquoi\\\/#breadcrumb\"},\"inLanguage\":\"fr-FR\",\"potentialAction\":[{\"@type\":\"ReadAction\",\"target\":[\"https:\\\/\\\/www.fitonasal.fr\\\/spray\\\/nez-bouche-pourquoi\\\/\"]}]},{\"@type\":\"BreadcrumbList\",\"@id\":\"https:\\\/\\\/www.fitonasal.fr\\\/spray\\\/nez-bouche-pourquoi\\\/#breadcrumb\",\"itemListElement\":[{\"@type\":\"ListItem\",\"position\":1,\"name\":\"Home\",\"item\":\"https:\\\/\\\/www.fitonasal.fr\\\/spray\\\/\"},{\"@type\":\"ListItem\",\"position\":2,\"name\":\"Nez bouch\u00e9 : pourquoi?\"}]},{\"@type\":\"WebSite\",\"@id\":\"https:\\\/\\\/www.fitonasal.fr\\\/spray\\\/#website\",\"url\":\"https:\\\/\\\/www.fitonasal.fr\\\/spray\\\/\",\"name\":\"Fitonasal Spray\",\"description\":\"Fitonasal Spray concentr\u00e9 est un d\u00e9congestionnant qui respecte votre muqueuse nasale, la prot\u00e8ge et par cons\u00e9quent la r\u00e9g\u00e9n\u00e8re.\",\"potentialAction\":[{\"@type\":\"SearchAction\",\"target\":{\"@type\":\"EntryPoint\",\"urlTemplate\":\"https:\\\/\\\/www.fitonasal.fr\\\/spray\\\/?s={search_term_string}\"},\"query-input\":{\"@type\":\"PropertyValueSpecification\",\"valueRequired\":true,\"valueName\":\"search_term_string\"}}],\"inLanguage\":\"fr-FR\"}]}<\/script>\n<!-- \/ Yoast SEO plugin. -->","yoast_head_json":{"title":"Nez bouch\u00e9 : pourquoi? - Fitonasal Spray","robots":{"index":"index","follow":"follow","max-snippet":"max-snippet:-1","max-image-preview":"max-image-preview:large","max-video-preview":"max-video-preview:-1"},"canonical":"https:\/\/www.fitonasal.fr\/spray\/nez-bouche-pourquoi\/","og_locale":"fr_FR","og_type":"article","og_title":"Nez bouch\u00e9 : pourquoi? - Fitonasal Spray","og_description":"L\u2019IMPORTANCE DE BIEN RESPIRER Bien respirer est signe de bonne sant\u00e9 et pour ce faire, le nez doit \u00eatre lib\u00e9r\u00e9. La fonction premi\u00e8re du nez est en effet de filtrer, r\u00e9chauffer et humidifier l\u2019air, et est fondamentale pour maintenir les bronches et les poumons en bonne sant\u00e9. De plus, lorsque nous avons le nez bouch\u00e9... Leggi tutto &raquo;","og_url":"https:\/\/www.fitonasal.fr\/spray\/nez-bouche-pourquoi\/","og_site_name":"Fitonasal Spray","article_modified_time":"2021-07-02T07:54:48+00:00","twitter_card":"summary_large_image","twitter_misc":{"Dur\u00e9e de lecture estim\u00e9e":"2 minutes"},"schema":{"@context":"https:\/\/schema.org","@graph":[{"@type":"WebPage","@id":"https:\/\/www.fitonasal.fr\/spray\/nez-bouche-pourquoi\/","url":"https:\/\/www.fitonasal.fr\/spray\/nez-bouche-pourquoi\/","name":"Nez bouch\u00e9 : pourquoi? - Fitonasal Spray","isPartOf":{"@id":"https:\/\/www.fitonasal.fr\/spray\/#website"},"datePublished":"2021-01-18T15:43:57+00:00","dateModified":"2021-07-02T07:54:48+00:00","breadcrumb":{"@id":"https:\/\/www.fitonasal.fr\/spray\/nez-bouche-pourquoi\/#breadcrumb"},"inLanguage":"fr-FR","potentialAction":[{"@type":"ReadAction","target":["https:\/\/www.fitonasal.fr\/spray\/nez-bouche-pourquoi\/"]}]},{"@type":"BreadcrumbList","@id":"https:\/\/www.fitonasal.fr\/spray\/nez-bouche-pourquoi\/#breadcrumb","itemListElement":[{"@type":"ListItem","position":1,"name":"Home","item":"https:\/\/www.fitonasal.fr\/spray\/"},{"@type":"ListItem","position":2,"name":"Nez bouch\u00e9 : pourquoi?"}]},{"@type":"WebSite","@id":"https:\/\/www.fitonasal.fr\/spray\/#website","url":"https:\/\/www.fitonasal.fr\/spray\/","name":"Fitonasal Spray","description":"Fitonasal Spray concentr\u00e9 est un d\u00e9congestionnant qui respecte votre muqueuse nasale, la prot\u00e8ge et par cons\u00e9quent la r\u00e9g\u00e9n\u00e8re.","potentialAction":[{"@type":"SearchAction","target":{"@type":"EntryPoint","urlTemplate":"https:\/\/www.fitonasal.fr\/spray\/?s={search_term_string}"},"query-input":{"@type":"PropertyValueSpecification","valueRequired":true,"valueName":"search_term_string"}}],"inLanguage":"fr-FR"}]}},"_links":{"self":[{"href":"https:\/\/www.fitonasal.fr\/spray\/wp-json\/wp\/v2\/pages\/3904","targetHints":{"allow":["GET"]}}],"collection":[{"href":"https:\/\/www.fitonasal.fr\/spray\/wp-json\/wp\/v2\/pages"}],"about":[{"href":"https:\/\/www.fitonasal.fr\/spray\/wp-json\/wp\/v2\/types\/page"}],"author":[{"embeddable":true,"href":"https:\/\/www.fitonasal.fr\/spray\/wp-json\/wp\/v2\/users\/2"}],"replies":[{"embeddable":true,"href":"https:\/\/www.fitonasal.fr\/spray\/wp-json\/wp\/v2\/comments?post=3904"}],"version-history":[{"count":5,"href":"https:\/\/www.fitonasal.fr\/spray\/wp-json\/wp\/v2\/pages\/3904\/revisions"}],"predecessor-version":[{"id":4080,"href":"https:\/\/www.fitonasal.fr\/spray\/wp-json\/wp\/v2\/pages\/3904\/revisions\/4080"}],"wp:attachment":[{"href":"https:\/\/www.fitonasal.fr\/spray\/wp-json\/wp\/v2\/media?parent=3904"}],"curies":[{"name":"wp","href":"https:\/\/api.w.org\/{rel}","templated":true}]}}